{"id":59,"date":"2022-07-07T10:55:50","date_gmt":"2022-07-07T10:55:50","guid":{"rendered":"https:\/\/fa-mives.hu\/?page_id=59"},"modified":"2022-07-11T04:07:18","modified_gmt":"2022-07-11T04:07:18","slug":"termekek","status":"publish","type":"page","link":"https:\/\/fa-mives.hu\/?page_id=59","title":{"rendered":"Term\u00e9kek"},"content":{"rendered":"\n<p class=\"has-text-align-center\"><strong>Rajzbak<\/strong><\/p>\n\n\n\n<p>T\u00f6m\u00f6r borovi szerkezet, 18 mm vastag, csom\u00f3s jelleg\u0171, r\u00e9szben hossztoldott anyagb\u00f3l, term\u00e9szetes Biopin vagy Borma b\u00fatorkem\u00e9nyolaj fel\u00fcletkezel\u00e9ssel. <\/p>\n\n\n\n<figure class=\"wp-block-image size-large\"><img decoding=\"async\" src=\"https:\/\/fa-mives.hu\/wp-content\/uploads\/2022\/07\/X1-1002x1024.jpg\" alt=\"\" class=\"wp-image-71\"\/><figcaption><strong>M\u00e9retek: 80x82cm, \u00fcl\u00e9smagass\u00e1g 40cm. S\u00falya kb. 4,5 kg.<\/strong><\/figcaption><\/figure>\n\n\n\n<figure class=\"wp-block-image size-large\"><img decoding=\"async\" src=\"https:\/\/fa-mives.hu\/wp-content\/uploads\/2022\/07\/X4-947x1024.jpg\" alt=\"\" class=\"wp-image-72\"\/><figcaption><strong>A rajzt\u00e1bla k\u00e9t poz\u00edci\u00f3ban is kit\u00e1maszthat\u00f3 a szerkezeten. <\/strong><\/figcaption><\/figure>\n\n\n\n<p>K\u00f6nny\u0171 \u00e9s stabil, fixre szerelt kivitel, \u00e9vek \u00f3ta v\u00e1ltoztat\u00e1s n\u00e9lk\u00fcl gy\u00e1rtott bev\u00e1lt szerkezet, \u00f6ssze\u00e9p\u00edt\u00e9se beragasztott k\u00f6ld\u00f6kcsappal \u00e9s csavaroz\u00e1ssal t\u00f6rt\u00e9nik.<\/p>\n\n\n\n<p class=\"has-text-align-center\"><strong>Szobainas<\/strong><\/p>\n\n\n\n<p>T\u00f6bb mint k\u00e9t \u00e9vtizede k\u00e9sz\u00fcl, a bev\u00e1lt form\u00e1ban szobainasunk, mely min\u0151s\u00e9gi Milesi lakkal, sz\u00f3r\u00e1ssal, t\u00f6bb r\u00e9tegben fel\u00fcletkezelt, nat\u00far vagy p\u00e1colt sz\u00ednben is el\u00e9rhet\u0151. <\/p>\n\n\n\n<figure class=\"wp-block-image size-full\"><img decoding=\"async\" src=\"https:\/\/fa-mives.hu\/wp-content\/uploads\/2022\/07\/inas1.jpg\" alt=\"\" class=\"wp-image-75\"\/><figcaption>Anyaga t\u00f6m\u00f6r hazai b\u00fckkfa.<\/figcaption><\/figure>\n\n\n\n<figure class=\"wp-block-image size-large\"><img decoding=\"async\" src=\"https:\/\/fa-mives.hu\/wp-content\/uploads\/2022\/07\/Inas2-768x1024.jpg\" alt=\"\" class=\"wp-image-76\"\/><figcaption>1 m magas 47.5 cm sz\u00e9les v\u00e1llf\u00e1val.<\/figcaption><\/figure>\n\n\n\n<p>A talpa egyszer\u0171, m\u00e9gis nagyon stabil m\u00f3don b\u00fator\u00f6sszeh\u00faz\u00f3 csavarral szerelt, \u00edgy az a sz\u00e1ll\u00edt\u00e1shoz egyszer\u0171en leszerelhet\u0151.<\/p>\n\n\n\n<p><\/p>\n\n\n\n<p class=\"has-text-align-center\"><strong>Cs\u00fasz-M\u00e1sz-Palinta<\/strong><\/p>\n\n\n\n<p>Ez a neve a Fa-M\u00edves Kft. \u00e1ltal elk\u00e9sz\u00edtett, ma igen divatos \u00e9s ismert \u201esziv\u00e1rv\u00e1ny hinta\u201d vagy \u201e<em>Montessori hinta\u201d<\/em> saj\u00e1t v\u00e1ltozat\u00e1nak.<em> A j\u00f3l ismert szerkezet m\u00e1sz\u00f3k\u00e1nak, cs\u00faszd\u00e1nak \u00e9s hint\u00e1nak mindenk\u00e9ppen haszn\u00e1lhat\u00f3, <\/em>a tov\u00e1bbi \u00f6tleteknek pedig csak a k\u00e9pzelet szab hat\u00e1rt!<\/p>\n\n\n\n<p>Kivitel:<\/p>\n\n\n\n<ul class=\"wp-block-list\"><li>t\u00f6m\u00f6r hazai b\u00fckk kem\u00e9nyfa l\u00e9cez\u00e9s, csapoz\u00e1ssal \u00e9s csavaroz\u00e1ssal r\u00f6gz\u00edtve, Milesi PU lakkal t\u00f6bb r\u00e9tegben fel\u00fcletkezelve, nat\u00far sz\u00ednben<\/li><li>massz\u00edv 18 mm ny\u00edr r\u00e9tegeltlemez oldalak, Milesi PU fest\u00e9krendszerrel t\u00f6bb r\u00e9tegben fel\u00fcletkezelve, feh\u00e9r sz\u00ednben<\/li><li>gondosan lekerek\u00edtett \u00e9lek, l\u00e9cek k\u00f6z\u00f6tt biztons\u00e1gos min. 2.5 -3 cm-es t\u00e1vols\u00e1g<\/li><li>csavaroz\u00e1s diszkr\u00e9t s\u00fcllyesztett fej\u0171 csavarokkal, term\u00e9szetesen az illeszt\u00e9sek csapozva, ragasztva is vannak<\/li><\/ul>\n\n\n\n<p>M\u00e9retek<\/p>\n\n\n\n<ul class=\"wp-block-list\"><li>kicsi 69*35*34.5 cm (h.*sz.*m.), kb. 6 kg<\/li><li>nagy 99*50*50 cm(h.*sz.*m.), kb. 11.5 kg (!)<\/li><\/ul>\n\n\n\n<figure class=\"wp-block-image size-large\"><img decoding=\"async\" src=\"https:\/\/fa-mives.hu\/wp-content\/uploads\/2022\/07\/Csusz-Masz-1024x673.jpg\" alt=\"\" class=\"wp-image-111\"\/><\/figure>\n\n\n\n<figure class=\"wp-block-image size-large\"><img decoding=\"async\" src=\"https:\/\/fa-mives.hu\/wp-content\/uploads\/2022\/07\/IMG_20210318_055919864-1024x768.jpg\" alt=\"\" class=\"wp-image-112\"\/><\/figure>\n\n\n\n<figure class=\"wp-block-image size-large\"><img decoding=\"async\" src=\"https:\/\/fa-mives.hu\/wp-content\/uploads\/2022\/07\/IMG_20210318_082321897-768x1024.jpg\" alt=\"\" class=\"wp-image-113\"\/><\/figure>\n\n\n\n<p><\/p>\n\n\n\n<p class=\"has-text-align-center\"><strong>Gyereksz\u00e9k<\/strong><\/p>\n\n\n\n<p>T\u00f6m\u00f6r haza b\u00fckk felhaszn\u00e1l\u00e1s\u00e1val k\u00e9sz\u00fclt, 30*30 cm m\u00e9retben, massz\u00edv \u00e9s ig\u00e9nyes kivitelben, PU lakkoz\u00e1ssal.<\/p>\n\n\n\n<figure class=\"wp-block-image size-large\"><img decoding=\"async\" src=\"https:\/\/fa-mives.hu\/wp-content\/uploads\/2022\/07\/c1-786x1024.jpg\" alt=\"\" class=\"wp-image-116\"\/><\/figure>\n\n\n\n<figure class=\"wp-block-image size-large\"><img decoding=\"async\" src=\"https:\/\/fa-mives.hu\/wp-content\/uploads\/2022\/07\/c2-726x1024.jpg\" alt=\"\" class=\"wp-image-117\"\/><\/figure>\n","protected":false},"excerpt":{"rendered":"<p>Rajzbak T\u00f6m\u00f6r borovi szerkezet, 18 mm vastag, csom\u00f3s jelleg\u0171, r\u00e9szben hossztoldott anyagb\u00f3l, term\u00e9szetes Biopin vagy Borma b\u00fatorkem\u00e9nyolaj fel\u00fcletkezel\u00e9ssel. K\u00f6nny\u0171 \u00e9s stabil, fixre szerelt kivitel, \u00e9vek \u00f3ta v\u00e1ltoztat\u00e1s n\u00e9lk\u00fcl gy\u00e1rtott bev\u00e1lt szerkezet, \u00f6ssze\u00e9p\u00edt\u00e9se beragasztott k\u00f6ld\u00f6kcsappal \u00e9s csavaroz\u00e1ssal t\u00f6rt\u00e9nik. Szobainas T\u00f6bb mint k\u00e9t \u00e9vtizede k\u00e9sz\u00fcl, a bev\u00e1lt form\u00e1ban szobainasunk, mely min\u0151s\u00e9gi Milesi lakkal, sz\u00f3r\u00e1ssal, t\u00f6bb r\u00e9tegben fel\u00fcletkezelt, &hellip; <a href=\"https:\/\/fa-mives.hu\/?page_id=59\" class=\"more-link\">Continue reading<span class=\"screen-reader-text\"> &#8220;Term\u00e9kek&#8221;<\/span><\/a><\/p>\n","protected":false},"author":1,"featured_media":0,"parent":0,"menu_order":0,"comment_status":"closed","ping_status":"closed","template":"","meta":{"footnotes":""},"class_list":["post-59","page","type-page","status-publish","hentry"],"_links":{"self":[{"href":"https:\/\/fa-mives.hu\/index.php?rest_route=\/wp\/v2\/pages\/59","targetHints":{"allow":["GET"]}}],"collection":[{"href":"https:\/\/fa-mives.hu\/index.php?rest_route=\/wp\/v2\/pages"}],"about":[{"href":"https:\/\/fa-mives.hu\/index.php?rest_route=\/wp\/v2\/types\/page"}],"author":[{"embeddable":true,"href":"https:\/\/fa-mives.hu\/index.php?rest_route=\/wp\/v2\/users\/1"}],"replies":[{"embeddable":true,"href":"https:\/\/fa-mives.hu\/index.php?rest_route=%2Fwp%2Fv2%2Fcomments&post=59"}],"version-history":[{"count":6,"href":"https:\/\/fa-mives.hu\/index.php?rest_route=\/wp\/v2\/pages\/59\/revisions"}],"predecessor-version":[{"id":119,"href":"https:\/\/fa-mives.hu\/index.php?rest_route=\/wp\/v2\/pages\/59\/revisions\/119"}],"wp:attachment":[{"href":"https:\/\/fa-mives.hu\/index.php?rest_route=%2Fwp%2Fv2%2Fmedia&parent=59"}],"curies":[{"name":"wp","href":"https:\/\/api.w.org\/{rel}","templated":true}]}}