{"id":61,"date":"2022-07-07T10:55:50","date_gmt":"2022-07-07T10:55:50","guid":{"rendered":"https:\/\/fa-mives.hu\/?page_id=61"},"modified":"2025-02-25T06:57:17","modified_gmt":"2025-02-25T06:57:17","slug":"referenciak","status":"publish","type":"page","link":"https:\/\/fa-mives.hu\/?page_id=61","title":{"rendered":"Referenci\u00e1k"},"content":{"rendered":"\n<p>II. J\u00e1nos P\u00e1l P\u00e1pa Tr\u00f3nusa, mely a Nagyboldogasszony \u00e9s Szent Adalbert Pr\u00edm\u00e1si F\u0151sz\u00e9kesegyh\u00e1zban  (Esztergomi Bazilika) tal\u00e1lhat\u00f3, a c\u00e9gtulajdonos Schlosser Attila tervei alapj\u00e1n k\u00e9sz\u00fclt.<\/p>\n\n\n\n<figure class=\"wp-block-image size-full\"><img decoding=\"async\" src=\"https:\/\/fa-mives.hu\/wp-content\/uploads\/2022\/07\/II.-Janos-Pal-Papa-Tronusa.-Nagyboldogasszony-es-Szent-Adalbert-primasi-foszekesegyhaz.jpg\" alt=\"\" class=\"wp-image-89\"\/><figcaption class=\"wp-element-caption\">II. J\u00e1nos P\u00e1l P\u00e1pa tr\u00f3nusa<\/figcaption><\/figure>\n\n\n\n<p>Szentesi Reform\u00e1tus Templom asztalos munk\u00e1i<\/p>\n\n\n\n<figure class=\"wp-block-image size-full\"><img decoding=\"async\" src=\"https:\/\/fa-mives.hu\/wp-content\/uploads\/2022\/07\/Szentesi-reformatus-templom-3.jpg\" alt=\"\" class=\"wp-image-90\"\/><\/figure>\n\n\n\n<figure class=\"wp-block-image size-full\"><img decoding=\"async\" src=\"https:\/\/fa-mives.hu\/wp-content\/uploads\/2022\/07\/Szentesi-reformatus-templom.jpg\" alt=\"\" class=\"wp-image-91\"\/><\/figure>\n\n\n\n<p><\/p>\n\n\n\n<p>Szombathelyi Ferences Rendh\u00e1z asztalos munk\u00e1i<\/p>\n\n\n\n<figure class=\"wp-block-image size-full\"><img decoding=\"async\" src=\"https:\/\/fa-mives.hu\/wp-content\/uploads\/2022\/07\/Szombathely-Ferences-rendhaz-2012.jpg\" alt=\"\" class=\"wp-image-92\"\/><\/figure>\n\n\n\n<figure class=\"wp-block-image size-full\"><img decoding=\"async\" src=\"https:\/\/fa-mives.hu\/wp-content\/uploads\/2022\/07\/Szombathely-Ferences-rendhaz-2012.2.jpg\" alt=\"\" class=\"wp-image-93\"\/><\/figure>\n\n\n\n<p><\/p>\n\n\n\n<p>Buda\u00f6rs Mindszenty J\u00f3zsef R\u00f3mai Katolikus \u00d3voda kapuj\u00e1nak helyre\u00e1ll\u00edt\u00e1sa.<\/p>\n\n\n\n<figure class=\"wp-block-image size-full\"><img decoding=\"async\" src=\"https:\/\/fa-mives.hu\/wp-content\/uploads\/2022\/07\/Budaors-Mindszenty-Jozsef-Romai-Katolikus-Ovoda-kapujanak-helyreallitasa.jpg\" alt=\"\" class=\"wp-image-94\"\/><\/figure>\n\n\n\n<figure class=\"wp-block-image size-full\"><img decoding=\"async\" src=\"https:\/\/fa-mives.hu\/wp-content\/uploads\/2022\/07\/Budaors-Mindszenty-Jozsef-Romai-Katolikus-Ovoda-kapujanak-helyreallitasa.-2.jpg\" alt=\"\" class=\"wp-image-95\"\/><\/figure>\n\n\n\n<p><\/p>\n\n\n\n<p>Pesti Stibel &#8211; V\u00f6r\u00f6smarty Zsinag\u00f3ga fel\u00faj\u00edt\u00e1sa.<\/p>\n\n\n\n<p><\/p>\n\n\n\n<figure class=\"wp-block-image size-full\"><img decoding=\"async\" src=\"https:\/\/fa-mives.hu\/wp-content\/uploads\/2022\/07\/228169966_107619924945215_1223689143958885469_n.jpg\" alt=\"\" class=\"wp-image-96\"\/><\/figure>\n\n\n\n<figure class=\"wp-block-image size-large\"><img decoding=\"async\" src=\"https:\/\/fa-mives.hu\/wp-content\/uploads\/2022\/07\/20210401_125657-768x1024.jpg\" alt=\"\" class=\"wp-image-97\"\/><\/figure>\n\n\n\n<figure class=\"wp-block-image size-large\"><img decoding=\"async\" src=\"https:\/\/fa-mives.hu\/wp-content\/uploads\/2022\/07\/20210728_063653-768x1024.jpg\" alt=\"\" class=\"wp-image-98\"\/><\/figure>\n\n\n\n<figure class=\"wp-block-image size-large\"><img decoding=\"async\" src=\"https:\/\/fa-mives.hu\/wp-content\/uploads\/2022\/07\/20210826_122659-768x1024.jpg\" alt=\"\" class=\"wp-image-99\"\/><\/figure>\n\n\n\n<figure class=\"wp-block-image size-full\"><img decoding=\"async\" src=\"https:\/\/fa-mives.hu\/wp-content\/uploads\/2022\/07\/241153528_121150320258842_3257876585160999196_n.jpg\" alt=\"\" class=\"wp-image-100\"\/><\/figure>\n\n\n\n<p><\/p>\n\n\n\n<p>\u00c9rseki Szemin\u00e1rium, Esztergom.<\/p>\n\n\n\n<figure class=\"wp-block-image size-full\"><img decoding=\"async\" src=\"https:\/\/fa-mives.hu\/wp-content\/uploads\/2022\/07\/1995.-bol-Erseki-Szeminarium.jpg\" alt=\"\" class=\"wp-image-101\"\/><\/figure>\n\n\n\n<p><\/p>\n\n\n\n<p>Esztergom, Bibliot\u00e9ka.<\/p>\n\n\n\n<figure class=\"wp-block-image size-full\"><img decoding=\"async\" src=\"https:\/\/fa-mives.hu\/wp-content\/uploads\/2022\/07\/1995-bol-Esztergomi-Biblioteka.jpg\" alt=\"\" class=\"wp-image-102\"\/><\/figure>\n\n\n\n<p><\/p>\n\n\n\n<p>Az esztergomi Szent Adalbert K\u00f6zpont ablakai.<\/p>\n\n\n\n<figure class=\"wp-block-image size-full\"><img decoding=\"async\" src=\"https:\/\/fa-mives.hu\/wp-content\/uploads\/2022\/07\/Az-esztergomi-Szent-Adalbert-Kozpont-ablakai-2006.jpg\" alt=\"\" class=\"wp-image-103\"\/><\/figure>\n\n\n\n<p><\/p>\n\n\n\n<p>Korl\u00e1tszerkezet, D\u00f6m\u00f6s.<\/p>\n\n\n\n<figure class=\"wp-block-image size-large\"><img decoding=\"async\" src=\"https:\/\/fa-mives.hu\/wp-content\/uploads\/2022\/07\/20140926101-1024x768.jpg\" alt=\"\" class=\"wp-image-104\"\/><\/figure>\n\n\n\n<p><\/p>\n\n\n\n<p>Fa fut\u00f3bicikli.<\/p>\n\n\n\n<figure class=\"wp-block-image size-large\"><img decoding=\"async\" src=\"https:\/\/fa-mives.hu\/wp-content\/uploads\/2022\/07\/IMGP3879-1024x768.jpg\" alt=\"\" class=\"wp-image-105\"\/><\/figure>\n\n\n\n<p><\/p>\n\n\n\n<p>Bisztr\u00f3 berendez\u00e9s, Kom\u00e1rom.<\/p>\n\n\n\n<figure class=\"wp-block-image size-full\"><img decoding=\"async\" src=\"https:\/\/fa-mives.hu\/wp-content\/uploads\/2022\/07\/IMGP3386.jpg\" alt=\"\" class=\"wp-image-106\"\/><\/figure>\n\n\n\n<p><\/p>\n\n\n\n<p>N\u00e9pi sz\u00e9k mintadarab gy\u00e1rt\u00e1sa<\/p>\n\n\n\n<figure class=\"wp-block-image size-large\"><img decoding=\"async\" src=\"https:\/\/fa-mives.hu\/wp-content\/uploads\/2022\/07\/IMGP6125-768x1024.jpg\" alt=\"\" class=\"wp-image-107\"\/><\/figure>\n\n\n\n<p><\/p>\n\n\n\n<p>Pacificaffe Beans &amp; More (2500 Esztergom, V\u00f6r\u00f6smarty utca 11.).<\/p>\n\n\n\n<figure class=\"wp-block-image size-large\"><img decoding=\"async\" src=\"https:\/\/fa-mives.hu\/wp-content\/uploads\/2025\/02\/465263871_1124668699658636_6751422664556970802_n-1024x683.jpg\" alt=\"\" class=\"wp-image-139\"\/><\/figure>\n\n\n\n<figure class=\"wp-block-image size-large\"><img decoding=\"async\" src=\"https:\/\/fa-mives.hu\/wp-content\/uploads\/2025\/02\/465411617_1124668509658655_5013808077476122390_n-1024x683.jpg\" alt=\"\" class=\"wp-image-140\"\/><\/figure>\n\n\n\n<figure class=\"wp-block-image size-full\"><img decoding=\"async\" src=\"https:\/\/fa-mives.hu\/wp-content\/uploads\/2025\/02\/Pacix.jpg\" alt=\"\" class=\"wp-image-141\"\/><\/figure>\n","protected":false},"excerpt":{"rendered":"<p>II. J\u00e1nos P\u00e1l P\u00e1pa Tr\u00f3nusa, mely a Nagyboldogasszony \u00e9s Szent Adalbert Pr\u00edm\u00e1si F\u0151sz\u00e9kesegyh\u00e1zban (Esztergomi Bazilika) tal\u00e1lhat\u00f3, a c\u00e9gtulajdonos Schlosser Attila tervei alapj\u00e1n k\u00e9sz\u00fclt. Szentesi Reform\u00e1tus Templom asztalos munk\u00e1i Szombathelyi Ferences Rendh\u00e1z asztalos munk\u00e1i Buda\u00f6rs Mindszenty J\u00f3zsef R\u00f3mai Katolikus \u00d3voda kapuj\u00e1nak helyre\u00e1ll\u00edt\u00e1sa. Pesti Stibel &#8211; V\u00f6r\u00f6smarty Zsinag\u00f3ga fel\u00faj\u00edt\u00e1sa. \u00c9rseki Szemin\u00e1rium, Esztergom. Esztergom, Bibliot\u00e9ka. Az esztergomi Szent &hellip; <a href=\"https:\/\/fa-mives.hu\/?page_id=61\" class=\"more-link\">Continue reading<span class=\"screen-reader-text\"> &#8220;Referenci\u00e1k&#8221;<\/span><\/a><\/p>\n","protected":false},"author":1,"featured_media":0,"parent":0,"menu_order":0,"comment_status":"closed","ping_status":"closed","template":"","meta":{"footnotes":""},"class_list":["post-61","page","type-page","status-publish","hentry"],"_links":{"self":[{"href":"https:\/\/fa-mives.hu\/index.php?rest_route=\/wp\/v2\/pages\/61","targetHints":{"allow":["GET"]}}],"collection":[{"href":"https:\/\/fa-mives.hu\/index.php?rest_route=\/wp\/v2\/pages"}],"about":[{"href":"https:\/\/fa-mives.hu\/index.php?rest_route=\/wp\/v2\/types\/page"}],"author":[{"embeddable":true,"href":"https:\/\/fa-mives.hu\/index.php?rest_route=\/wp\/v2\/users\/1"}],"replies":[{"embeddable":true,"href":"https:\/\/fa-mives.hu\/index.php?rest_route=%2Fwp%2Fv2%2Fcomments&post=61"}],"version-history":[{"count":3,"href":"https:\/\/fa-mives.hu\/index.php?rest_route=\/wp\/v2\/pages\/61\/revisions"}],"predecessor-version":[{"id":142,"href":"https:\/\/fa-mives.hu\/index.php?rest_route=\/wp\/v2\/pages\/61\/revisions\/142"}],"wp:attachment":[{"href":"https:\/\/fa-mives.hu\/index.php?rest_route=%2Fwp%2Fv2%2Fmedia&parent=61"}],"curies":[{"name":"wp","href":"https:\/\/api.w.org\/{rel}","templated":true}]}}

Referenciák

<p>II. János Pál Pápa Trónusa, mely a Nagyboldogasszony és Szent Adalbert Prímási Főszékesegyházban  (Esztergomi Bazilika) található, a cégtulajdonos Schlosser Attila tervei alapján készült.</p>



<figure class="wp-block-image size-full"><img decoding="async" src="https://fa-mives.hu/wp-content/uploads/2022/07/II.-Janos-Pal-Papa-Tronusa.-Nagyboldogasszony-es-Szent-Adalbert-primasi-foszekesegyhaz.jpg" alt="" class="wp-image-89"/><figcaption class="wp-element-caption">II. János Pál Pápa trónusa</figcaption></figure>



<p>Szentesi Református Templom asztalos munkái</p>



<figure class="wp-block-image size-full"><img decoding="async" src="https://fa-mives.hu/wp-content/uploads/2022/07/Szentesi-reformatus-templom-3.jpg" alt="" class="wp-image-90"/></figure>



<figure class="wp-block-image size-full"><img decoding="async" src="https://fa-mives.hu/wp-content/uploads/2022/07/Szentesi-reformatus-templom.jpg" alt="" class="wp-image-91"/></figure>



<p></p>



<p>Szombathelyi Ferences Rendház asztalos munkái</p>



<figure class="wp-block-image size-full"><img decoding="async" src="https://fa-mives.hu/wp-content/uploads/2022/07/Szombathely-Ferences-rendhaz-2012.jpg" alt="" class="wp-image-92"/></figure>



<figure class="wp-block-image size-full"><img decoding="async" src="https://fa-mives.hu/wp-content/uploads/2022/07/Szombathely-Ferences-rendhaz-2012.2.jpg" alt="" class="wp-image-93"/></figure>



<p></p>



<p>Budaörs Mindszenty József Római Katolikus Óvoda kapujának helyreállítása.</p>



<figure class="wp-block-image size-full"><img decoding="async" src="https://fa-mives.hu/wp-content/uploads/2022/07/Budaors-Mindszenty-Jozsef-Romai-Katolikus-Ovoda-kapujanak-helyreallitasa.jpg" alt="" class="wp-image-94"/></figure>



<figure class="wp-block-image size-full"><img decoding="async" src="https://fa-mives.hu/wp-content/uploads/2022/07/Budaors-Mindszenty-Jozsef-Romai-Katolikus-Ovoda-kapujanak-helyreallitasa.-2.jpg" alt="" class="wp-image-95"/></figure>



<p></p>



<p>Pesti Stibel &#8211; Vörösmarty Zsinagóga felújítása.</p>



<p></p>



<figure class="wp-block-image size-full"><img decoding="async" src="https://fa-mives.hu/wp-content/uploads/2022/07/228169966_107619924945215_1223689143958885469_n.jpg" alt="" class="wp-image-96"/></figure>



<figure class="wp-block-image size-large"><img decoding="async" src="https://fa-mives.hu/wp-content/uploads/2022/07/20210401_125657-768x1024.jpg" alt="" class="wp-image-97"/></figure>



<figure class="wp-block-image size-large"><img decoding="async" src="https://fa-mives.hu/wp-content/uploads/2022/07/20210728_063653-768x1024.jpg" alt="" class="wp-image-98"/></figure>



<figure class="wp-block-image size-large"><img decoding="async" src="https://fa-mives.hu/wp-content/uploads/2022/07/20210826_122659-768x1024.jpg" alt="" class="wp-image-99"/></figure>



<figure class="wp-block-image size-full"><img decoding="async" src="https://fa-mives.hu/wp-content/uploads/2022/07/241153528_121150320258842_3257876585160999196_n.jpg" alt="" class="wp-image-100"/></figure>



<p></p>



<p>Érseki Szeminárium, Esztergom.</p>



<figure class="wp-block-image size-full"><img decoding="async" src="https://fa-mives.hu/wp-content/uploads/2022/07/1995.-bol-Erseki-Szeminarium.jpg" alt="" class="wp-image-101"/></figure>



<p></p>



<p>Esztergom, Bibliotéka.</p>



<figure class="wp-block-image size-full"><img decoding="async" src="https://fa-mives.hu/wp-content/uploads/2022/07/1995-bol-Esztergomi-Biblioteka.jpg" alt="" class="wp-image-102"/></figure>



<p></p>



<p>Az esztergomi Szent Adalbert Központ ablakai.</p>



<figure class="wp-block-image size-full"><img decoding="async" src="https://fa-mives.hu/wp-content/uploads/2022/07/Az-esztergomi-Szent-Adalbert-Kozpont-ablakai-2006.jpg" alt="" class="wp-image-103"/></figure>



<p></p>



<p>Korlátszerkezet, Dömös.</p>



<figure class="wp-block-image size-large"><img decoding="async" src="https://fa-mives.hu/wp-content/uploads/2022/07/20140926101-1024x768.jpg" alt="" class="wp-image-104"/></figure>



<p></p>



<p>Fa futóbicikli.</p>



<figure class="wp-block-image size-large"><img decoding="async" src="https://fa-mives.hu/wp-content/uploads/2022/07/IMGP3879-1024x768.jpg" alt="" class="wp-image-105"/></figure>



<p></p>



<p>Bisztró berendezés, Komárom.</p>



<figure class="wp-block-image size-full"><img decoding="async" src="https://fa-mives.hu/wp-content/uploads/2022/07/IMGP3386.jpg" alt="" class="wp-image-106"/></figure>



<p></p>



<p>Népi szék mintadarab gyártása</p>



<figure class="wp-block-image size-large"><img decoding="async" src="https://fa-mives.hu/wp-content/uploads/2022/07/IMGP6125-768x1024.jpg" alt="" class="wp-image-107"/></figure>



<p></p>



<p>Pacificaffe Beans &amp; More (2500 Esztergom, Vörösmarty utca 11.).</p>



<figure class="wp-block-image size-large"><img decoding="async" src="https://fa-mives.hu/wp-content/uploads/2025/02/465263871_1124668699658636_6751422664556970802_n-1024x683.jpg" alt="" class="wp-image-139"/></figure>



<figure class="wp-block-image size-large"><img decoding="async" src="https://fa-mives.hu/wp-content/uploads/2025/02/465411617_1124668509658655_5013808077476122390_n-1024x683.jpg" alt="" class="wp-image-140"/></figure>



<figure class="wp-block-image size-full"><img decoding="async" src="https://fa-mives.hu/wp-content/uploads/2025/02/Pacix.jpg" alt="" class="wp-image-141"/></figure>

<p>II. János Pál Pápa Trónusa, mely a Nagyboldogasszony és Szent Adalbert Prímási Főszékesegyházban (Esztergomi Bazilika) található, a cégtulajdonos Schlosser Attila tervei alapján készült. Szentesi Református Templom asztalos munkái Szombathelyi Ferences Rendház asztalos munkái Budaörs Mindszenty József Római Katolikus Óvoda kapujának helyreállítása. Pesti Stibel &#8211; Vörösmarty Zsinagóga felújítása. Érseki Szeminárium, Esztergom. Esztergom, Bibliotéka. Az esztergomi Szent &hellip; <a href="https://fa-mives.hu/?page_id=61" class="more-link">Continue reading<span class="screen-reader-text"> &#8220;Referenciák&#8221;</span></a></p>
